he greatest common factor of i and t.
47
Let x(t) = 19*t - 26. Let y be x(2). What is the highest common factor of 2724 and y?
12
Suppose 2 - 18 = -4*u. Let x be ((-57)/3)/(u/(-20)). What is the greatest common factor of 38 and x?
19
Suppose -9*u - 4*u = -130. What is the highest common factor of u and 205?
5
Suppose 10*x + 501 = 3911. Calculate the greatest common factor of x and 31.
31
Suppose -2*t = -t - 480. What is the highest common factor of 192 and t?
96
Suppose -3*a - 59 + 50 = 0. Let w be (a - (-367)/5)*5. Suppose -40 = -g - 8. What is the highest common factor of g and w?
32
Let w(a) = a**3 - 7*a**2 + 7*a + 1. Let m be w(6). Suppose -13*s - 605 = -150. Let h = s - -36. What is the greatest common factor of h and m?
1
Let i(t) = -2*t + 4. Let v be i(-5). Let f(l) = l**3 + 2*l**2 + l. Let z be f(-2). Let y = 12 - z. What is the greatest common factor of v and y?
14
Let t be (1/2)/((-2)/(-60)). Suppose 2*m + 188 = 6*m. Let a = m - 32. Calculate the greatest common divisor of t and a.
15
Let u be (-10 - (4 - 254)) + 7. Calculate the greatest common factor of u and 133.
19
Let x(l) = 8*l**2 + 21*l - 71. Let v be x(-11). What is the greatest common factor of 74 and v?
74
Let y(x) = -3*x**3 - x**2 - 10*x - 7. Let p be y(-4). Calculate the greatest common divisor of p and 76.
19
Let v(n) = -3*n**3 - 5*n**2 - 14*n - 36. Let t be v(-3). What is the highest common factor of t and 1498?
14
Suppose 5*j - 59 = 221. Let b be -12 - -16 - (1 - 0). Suppose -14 = -b*s + 5*a, 8 = 2*a + 2*a. What is the highest common factor of j and s?
8
Suppose 10*d = 16*d - 24. What is the highest common factor of d and 108?
4
Let i be (-1 - -4) + 1/(-2)*2. What is the greatest common divisor of i and 54?
2
Let o be (3 - -17)/((2 - -1) + -2). Calculate the greatest common divisor of o and 260.
20
Let z(h) be the second derivative of -75*h**3/2 - h**2 + 7*h. Let p be z(-1). Let n = -135 + p. Calculate the highest common divisor of n and 11.
11
Let k be ((-40)/3)/((-29)/1044). Calculate the greatest common divisor of 30 and k.
30
Suppose 0 = -5*d + 8*d - 828. What is the highest common divisor of 368 and d?
92
Suppose 3*p + 2*k - 494 = 0, -298 = 4*p - 5*k - 995. Suppose 2*r + 4*d = 28, -r + 2 = -5*d - 5. Let a = 12 + r. What is the highest common divisor of a and p?
24
Let t = 146 + -144. Calculate the highest common factor of t and 22.
2
Suppose 0 = 6*y + 9299 - 9305. Let h be (-70)/(-8) + 1/4. What is the greatest common divisor of y and h?
1
Let y(v) = -v**2 - 28*v - 34. Let h be y(-20). Calculate the greatest common factor of 72 and h.
18
Let k = 8 + -3. Suppose -n = -k*n + 12. Suppose 2*j + 8 = n*j. What is the greatest common factor of 20 and j?
4
Let k = 13647 + -13590. Suppose 0 = -i + 32 - 13. Calculate the highest common factor of i and k.
19
Let a(y) = -32*y + 10. Let h be a(2). Let n = 20 - -70. Let g = n + h. Calculate the highest common divisor of 24 and g.
12
Let y = 954 + -648. Suppose 0*x + x = 3. Let c be y/10 + x/(-5). Calculate the greatest common divisor of c and 6.
6
Let q be (-6 - 344)/(-5) - (3 + 1). Calculate the highest common factor of q and 18.
6
Suppose -7 + 3 = -2*a. Suppose 5*z - 97 = 2*f, z - a*f - 5 = 2*f. Let n be -21*(-2 - 3/(-3)). What is the highest common factor of z and n?
21
Let k(t) = t**2 + 11*t + 12. Let q be k(-12). Let a = q + 4. Let s(x) = x + 1. Let h be s(6). What is the greatest common divisor of a and h?
7
Suppose -2*w = -10, 8*c + 3*w = 3*c + 5. Let v be 153 - 1/c*-2. Let m = 36 + -17. What is the highest common factor of v and m?
19
Suppose -3*c = -c - 48. What is the greatest common factor of c and 3?
3
Suppose 0 = 4*r + 2*k - 36, 57 + 3 = 5*r - 5*k. Let d = -21 - -22. Let y be ((-1)/(-1))/(d/2). What is the greatest common factor of r and y?
2
Let i = -13 - -21. Let l(g) = g**3 - 10*g**2 + 8*g + 2. Let k be l(9). Let b = 39 + k. What is the greatest common divisor of b and i?
8
Let q(h) = 204*h**2 - 1. Let n be q(1). Let u(k) = 38*k + 295. Let t be u(-7). Calculate the greatest common factor of n and t.
29
Suppose 0 = -4*a + 2*i - 4*i + 78, 5*i = -15. Calculate the highest common factor of a and 105.
21
Suppose 0 = -4*q + k + 95, 38*q - 4*k + 76 = 41*q. Calculate the highest common divisor of 104 and q.
8
Let j be (-6)/(-15) + (-72)/30. Let g(i) = 13 - 7 - 8 - 12*i. Let l be g(j). Calculate the highest common divisor of l and 11.
11
Let z = -1216 - -1222. Let n(b) = -b**2 - b + 2. Let t be n(-2). Suppose -6*c + 2*c + 12 = t. What is the highest common factor of z and c?
3
Let n(z) = -z**3 + 4*z**2 - 2*z + 4. Let q be n(3). Let a = 13 - 12. Calculate the highest common divisor of q and a.
1
Let f(w) = 31*w**2 - 15*w + 26. Let s be f(2). What is the greatest common factor of s and 16?
8
Let y = 90 - 26. Let g(x) = x**3 + 7*x**2 + 3*x - 4. Let c be g(-4). Suppose -r = r - c. What is the greatest common factor of y and r?
16
Let h(w) = 3*w. Let u be h(-1). Let i(f) = -193 + 11*f - 21*f + 198. Let c be i(u). Calculate the greatest common factor of c and 5.
5
Suppose -4*p = 5*s - 199, 3*p + 4*s + 55 = 4*p. What is the greatest common divisor of p and 204?
51
Let x = -550 + 556. What is the highest common divisor of 384 and x?
6
Let d = -11 + 13. Suppose 4*t = d*t + 8. Suppose -k + l = -10, -5 = -k + t*l - 2*l. What is the greatest common factor of k and 15?
15
Suppose -3*t - 8 - 58 = 0. Let q be (0 - (-3)/(-2))*t. Let h be 12/(-42) - (-156)/7. What is the greatest common factor of h and q?
11
Let i(l) = -l**3 - 6*l**2 - 4*l + 22. Let d be i(-6). What is the highest common divisor of d and 414?
46
Let r be (-106)/(-4) - (-5)/10. Suppose -k - 3*w + 9 = 0, -2*k = k - 2*w - r. What is the greatest common divisor of k and 1?
1
Suppose 0 = -4*c - c + 50. Suppose -4*n - 4 = -6*n. Suppose -4*z + 26 + 54 = -5*g, z - n*g = 17. What is the greatest common factor of z and c?
5
Let h be (((-9)/15)/(-1))/(2/10). Let j be -1*13*(-3)/h. What is the greatest common factor of j and 26?
13
Let z be (4/(-4) + 1)*(-4)/8. Suppose 4*r + k - 87 = z, 3*k - 100 = 2*r - 7*r. Calculate the greatest common divisor of r and 69.
23
Suppose -56*h + 240 = -48*h. What is the greatest common factor of 105 and h?
15
Let k(d) be the first derivative of 2 + 3*d**3 - 7/2*d**2 - 1/4*d**4 + 4*d. Let t be k(8). What is the greatest common divisor of t and 6?
6
Suppose 0 = -a + 247 - 2. Suppose -4*w + a + 559 = 0. Let b = w + -143. Calculate the greatest common factor of 145 and b.
29
Suppose 17*g - 912 = -2*g. What is the greatest common divisor of 192 and g?
48
Let v = 9 + 19. Let c be (8 - -32) + -6 - -8. What is the highest common factor of c and v?
14
Let p be 12*30/48*8. Calculate the greatest common divisor of 90 and p.
30
Let q(w) = 7*w - 25. Let u be q(4). Calculate the highest common factor of u and 24.
3
Suppose -4560 = 1399*n - 1415*n. What is the greatest common divisor of n and 760?
95
Suppose 3*p + 77 + 1 = 3*a, 0 = -5*a + 4*p + 134. Suppose 9*z - 276 = a. Calculate the greatest common factor of 85 and z.
17
Let o(w) = -3*w - 6. Let u be o(-3). Suppose u*g = 5*g - 4. Suppose -b = 3*r - r - 20, -g*r = -2*b - 32. What is the greatest common divisor of 8 and r?
4
Suppose -h + 6*h = 70. Suppose -4*f + 398 = -2*y, 2*f + 5*y - 4*y - 193 = 0. Calculate the greatest common divisor of h and f.
14
Suppose 105 - 33 = 3*v. What is the highest common divisor of v and 72?
24
Let g(t) = -18*t - 4. Let q be g(-8). Suppose -3*u - 5*w - 5 = -q, w - 123 = -3*u. Let d = -309 + 314. Calculate the greatest common divisor of u and d.
5
Let q be ((-2)/4)/(4/(-11664)*6). What is the greatest common factor of q and 45?
9
Suppose 149 + 281 = -5*z. Let j be z/(-2) + -14 + 17. What is the highest common divisor of 23 and j?
23
Let c(b) be the second derivative of -7*b**3/6 - b**2/2 + b. Let t be c(-1). Suppose 5*j = 13 + 47. Calculate the highest common factor of j and t.
6
Suppose 2*v + 10 - 30 = 0. Let m be ((-6)/15)/((-3)/60). Suppose i + 4*i - 3*u - 162 = 0, 0 = 2*u + m. Calculate the highest common divisor of v and i.
10
Let b(m) = m - 9. Suppose 5 - 57 = -4*n. Let d be b(n). Calculate the greatest common factor of 36 and d.
4
Suppose -1 = 2*m - 3*m. Let u(i) = 635*i**3 + 2*i**2 - 2*i + 1. Let l be u(m). Let b be 2/(-5) - l/(-15). What is the greatest common factor of